 g(k)?
-7
Let c(l) = l**2 + 6. Let o(s) be the second derivative of -s**3/3 - 3*s. Let n be o(-2). Suppose -n*y = -y. Determine c(y).
6
Let t(h) = h**3 + 8*h**2 + 2. Let o be t(-8). Suppose 11 = 3*b + 3*x + 2, -2*b = -o*x - 6. Let l(q) = -3*q. Give l(b).
-9
Let t(u) = -37*u + 20*u - 4 - 5 + u**3 + 8*u + 5*u**2. Determine t(-6).
9
Let r(n) be the third derivative of n**3/6 - 2*n**2. Suppose -2*a + 20 = -2*w, 18 = a - w - 2*w. Let b(k) = -k**2 + k. Let t(c) = a*r(c) - b(c). Give t(0).
6
Let r(d) = 29*d + 27*d - 55*d + 5. Calculate r(5).
10
Let a(r) = r**2 - 5. Let o(g) = -g**3 + 3*g**2 + 5*g - 4. Let v be o(4). What is a(v)?
-5
Let y(p) = 5*p**3 + 2*p**2 - 2*p + 8. Let c(f) = 11*f**3 + 5*f**2 - 4*f + 17. Let l(b) = 6*c(b) - 13*y(b). Determine l(-2).
2
Let o(z) = -z - 1. Let s = -4 - -10. Suppose -3*r + s = -0*r. Let m be ((-3)/(-3))/(r/(-6)). What is o(m)?
2
Let h(u) be the second derivative of 4*u - 2/3*u**3 + 0 + 3*u**2 - 1/12*u**4. Determine h(-5).
1
Let i(x) = 6*x**2 + 8*x + 7. Let m(u) = 7*u**2 + 8*u + 8. Let t(s) = 6*i(s) - 5*m(s). Let n be t(-7). Let j(b) = -b - 8. Give j(n).
-3
Let g(z) be the third derivative of -z**5/60 - z**4/12 - z**3/3 + 2*z**2. Let w = 1 - 2. Let o be (-18)/6 - 0/w. Calculate g(o).
-5
Let t(o) = -15*o + 4 - 4 - 1 + 5*o. What is t(1)?
-11
Let r(n) be the second derivative of -1/6*n**3 - 1/6*n**4 - 6*n + 0*n**2 + 1/20*n**5 + 0. Give r(-1).
-2
Let i(h) = 2*h + 7. Let t = -7 + 9. Let f be 1 + (t - 2) + -6. Give i(f).
-3
Let h(m) = m - 7. Let p be h(6). Let c = 3 - 2. Let o(n) = c - n - n - 2. Give o(p).
1
Let k be (-4)/(-12)*3 + -8. Let s = -3 - k. Let o(p) = p**3 - 4*p**2 + p - 5. What is o(s)?
-1
Let r(l) = -2*l + 2 - 3 - 3. Determine r(4).
-12
Suppose 5*w = -0 - 5. Let g(o) = -o**2 + 1. What is g(w)?
0
Let k(b) be the third derivative of b**7/840 + b**5/120 + b**4/12 + b**3/2 + b**2. Let r(u) be the first derivative of k(u). Give r(2).
12
Let i(o) = -11*o**2 + o. Let b(j) = -3*j + 2*j + 2*j + 3*j**2 - 15*j**2. Let n(f) = 5*b(f) - 4*i(f). Calculate n(-1).
-17
Let i be ((-3)/(-2))/((-2)/(-4)). Let p = -3 + i. Suppose p*u + 3*u = -12. Let b(r) = -r**3 - 5*r**2 - 2*r - 3. Give b(u).
-11
Let t(u) be the first derivative of u**2 + 10. Give t(-1).
-2
Let g be (-54)/(-36)*10/(-3). Let d(x) be the first derivative of x**2/2 - 6*x + 1. What is d(g)?
-11
Let o(r) = r**2 + 3*r + 3. Suppose -q - 2 = -2*q + 3*h, 5*q + 4*h = -28. Determine o(q).
7
Let c(i) = -4*i + 3. Let m be c(-5). Let s(k) = -m*k + 17*k - 2*k**2 + k**2 + 7. Determine s(-6).
7
Suppose -9 = 3*m + c + 9, 4*m + 4*c + 24 = 0. Let b(v) = -2*v - 5. Calculate b(m).
7
Let i = 1 - 1. Let z(l) be the first derivative of 1/3*l**3 - 1/4*l**4 + 4*l + 7 + 0*l**2. Determine z(i).
4
Suppose 3*o = o + 6. Let h(b) = -3*b**2 - 2*b**o - b**2 + 3*b**3 + 5 + 2*b - 5*b. Determine h(4).
-7
Suppose 36 = 3*p - 3*q, 5*p + 3*q + 2*q - 10 = 0. Suppose -u - 15 = -3*j, -5*j = -2*u - 0*j - 25. Let b(l) = -l + u*l + p - 13. Calculate b(0).
-6
Let z(r) = -6*r - 2. Let a(w) = -12*w - 5. Let k(l) = -3*a(l) + 7*z(l). What is k(1)?
-5
Let z(b) = -11 + b**3 + 13 + 3*b**2 - b + 0*b - 2*b. Determine z(-4).
-2
Let m(i) = 3*i**2 - 2*i + 7. Let p(l) = l**2 - l + 1. Let b(x) = m(x) - 4*p(x). Determine b(-2).
-5
Suppose -5*o - 1 = -3*z - 0, -z + 3*o = 1. Suppose -1 = -z*l + 3. Let w(f) = -2*f + f + f**3 + 5*f**l - 6 + 0*f. What is w(-5)?
-1
Let i(z) be the first derivative of z**4/2 - z**2/2 + z + 1. Let a be ((-2)/8)/((-3)/12). What is i(a)?
2
Let c = 0 + 9. Let q be 21/(-9) - (-3)/c. Let i(g) = -4*g**2 - g + 2. What is i(q)?
-12
Let f(y) = 0 + 7*y + 2*y + 1. Let n = 0 + -1. Let j = n + 0. Give f(j).
-8
Let q(p) be the first derivative of -p**2/2 - 5*p + 11. Give q(0).
-5
Let h(r) = r**3 + 6*r**2 + r + 6. Let s(o) = o**3 + 11*o**2 - 9*o + 30. Let y be s(-12). Give h(y).
0
Suppose 0 = -7*k + 9*k - 4. Let p(c) = -2 - c - k*c + 4*c - 4. What is p(6)?
0
Suppose -4*a + 8 = -0. Suppose -3*d + 2 = 5. Let y(s) = s**3 + 2*s**2 - 4*s. Let b(k) = -1. Let q(z) = d*y(z) + 2*b(z). Give q(a).
-10
Let l(f) = -6 + 1 + 2 + f + f**2 + 2. Give l(2).
5
Let v(i) = -1 - 2 + i + 0 + 4 - 5*i**2 - i**3. Suppose -4*s = -4, -5*s + 4*s = 3*x + 14. Give v(x).
-4
Suppose -3*x + 4*t - 10 = 0, -2*t - 2 = 2*x - 14. Let z(b) = 22*b**2 - b**3 - 22*b**x. Let q(r) = -r**2 - r + 1. Let o be q(-2). Calculate z(o).
1
Let g(b) = -3*b + 1 + 12 - 6 - 6. What is g(3)?
-8
Let c(u) = 0 + u + 0 - 5 - 1. Suppose -1 = -n + 4. Determine c(n).
-1
Suppose 5*u = 2*u. Let z(p) = -2*p + u*p + 3*p + 2. Calculate z(5).
7
Let z(q) be the third derivative of q**6/120 - 2*q**5/15 + q**4/3 - 5*q**3/3 - 4*q**2. What is z(7)?
-3
Let b be (-96)/(-42) - (-4)/(-14). Let r(p) = -b*p + 1 + 1 + p + 2*p. Calculate r(-1).
1
Let k(f) be the third derivative of 1/12*f**4 + 0*f**3 + 1/60*f**5 + 0 + 2*f**2 + 0*f. Give k(-2).
0
Let i(s) = -s**2. Let g(x) be the second derivative of -5*x**4/12 + x**3/6 + 3*x**2/2 + 2*x. Let t(o) = -g(o) + 6*i(o). What is t(0)?
-3
Let n be (-8 + -2)*3/6. Let z(j) = j**3 + 5*j**2 + 7. Calculate z(n).
7
Let w(l) = l. Let i = -2 + 1. Let z(y) = -2*y**3 + y**2 + 2*y + 1. Let b be z(i). Give w(b).
2
Suppose -2 = p + 1. Let z be -2 + 2 - 0 - p. Let m(b) = 3*b**2 - 3*b**2 + z*b**2 - 4*b**2 - 3 - 2*b. Calculate m(-2).
-3
Let d(y) be the second derivative of -y**5/20 + 5*y**4/12 - 7*y**2/2 - 5*y. Suppose -4*h - 19 = -3*k, 3*k = -2*h + 4 + 9. Calculate d(k).
-7
Let k(v) = v**3 + 4*v**2 + 3*v - 4. Suppose 3*o + 0 = 6, 0 = -t + 3*o - 2. Suppose -5*i + 0*c = t*c - 31, i + 4*c = 19. Suppose i*u + 0*u = -9. Determine k(u).
-4
Let z(h) = -h**3 - 2*h**2 - 5*h + 6*h - 7*h + 3 - 4*h**2. What is z(-5)?
8
Let j(g) be the first derivative of g**4/4 + 5*g**3/3 - 4*g**2 - 9*g + 38. Calculate j(-6).
3
Let g(f) = f**3 - 3*f - 41*f**2 - 3 + 46*f**2 + 5*f + 1. What is g(-4)?
6
Let j(m) = 692*m**3 - 11*m - 11*m**2 - 4 - 693*m**3 - 6. Determine j(-10).
0
Let j(l) = l**3 - 6*l**2 + 6*l + 7. Suppose 5*k - 44 = -19. Give j(k).
12
Let b(w) = -w**3 + 5*w**2 + 6*w - 1. Let s(t) = -2*t**2 + 9*t + 2. Let p be s(4). Calculate b(p).
-1
Suppose 0 = n + 5*v - 5, 2*v - 4*v = -2. Let t(z) be the third derivative of 1/3*z**3 + 2*z**2 + n*z + 0 - 1/60*z**5 + 1/8*z**4. What is t(3)?
2
Let t be (-4)/18 + (-232)/(-72). Suppose m - 12 = -0*m. Let j be t*3*(-4)/m. Let k(y) = y**3 + 3*y**2 + 2*y - 1. Give k(j).
-7
Let k(a) be the third derivative of -3*a**2 - 1/20*a**5 + 2/3*a**3 + 0 + 1/120*a**6 + 0*a + 0*a**4. Determine k(3).
4
Let o(w) be the first derivative of -8*w**3/3 - w**2/2 - 1. What is o(1)?
-9
Let c(v) = 17*v**3 - 14*v**2 + 14*v - 17. Let n(l) = -6*l**3 + 5*l**2 - 5*l + 6. Let w(o) = -4*c(o) - 11*n(o). Let f be (-2 + 0)*(1 + -2). Give w(f).
-12
Suppose -6*z = -9*z. Let u(g) = g**2 - g - 4. Determine u(z).
-4
Let l = 1 + 2. Let j(n) = n**3 - 5*n**2 + 2*n - 1. What is j(l)?
-13
Let t(a) = -14*a**3 - 3*a**2 + 14*a + 3. Let r(y) = 5*y**3 + y**2 - 5*y - 1. Let c(o) = 17*r(o) + 6*t(o). Calculate c(1).
0
Let y(f) = 5*f**3 + f**2 - 2*f + 1. Suppose 0 = -3*q + 4*x - 14, 3*x - 3 = -3*q + 18. Suppose 4*t + q = 6. What is y(t)?
5
Let d = 19 + -13. Suppose 2*q - d = -0*q. Let o(m) be the first derivative of -m**3/3 + m**2 - 4*m - 1. Determine o(q).
-7
Let u(v) = 21*v + 11*v**2 - 1 - 5*v - 14*v - 2*v**2. What is u(1)?
10
Let a(k) = -k**3 + 4*k**2 - k - 1. Suppose 12 = -2*x + 5*x. Give a(x).
-5
Let v(b) be the second derivative of 0*b**2 - 2*b - 1/6*b**4 - 1/40*b**5 + 0 + 0*b**3 - 1/720*b**6. Let t(u) be the third derivative of v(u). Determine t(-5).
2
Let h(q) = -15*q**3 + 7*q**2 - 3*q + 11. Let c(w) = 7*w**3 - 3*w**2 + w - 5. Let t(p) = -13*c(p) - 6*h(p). Determine t(-4).
-5
Let q be (-16)/(-12)*(-12)/(-8). Suppose -6*t - 28 = q. Let g(x) = x**2 + 5*x. What is g(t)?
0
Let d(u) = u**2 - 2*u - 1. Let f be 5 + -5 + 3 + 3. Let b be f - (3 + -1 + 1). Determine d(b).
2
Suppose 0 = -0*j + 4*j - 8. Let b(y) = 0 + y**3 - y + 0*y + 0 + 1 - y**j. What is b(2)?
3
Let f(x) be the second derivative of 5*x**4/12 + x**3/3 + x**2/2 - 18*x. Give f(-1).
4
Let i(h) = -h. Suppose -6*g + 3*g = 2*j + 11, -10 = j + 3*g. What is i(j)?
1
Let k(w) be the second derivative of -w**3/6 - 4*w**2 + 10*w. Determine k(-4).
-4
Let a be (-3)/(-1*(0 - 1)). Let b = 6 + 1. Let q(h) = -6 - h + 9 - b. Calculate q(a).
-1
Let m(k) = -k**2 